factors of b.
2, 43
Let f(p) = -11*p + 1. Let g(i) = -i - 1. Let h(l) = f(l) - 4*g(l). List the prime factors of h(-4).
3, 11
Let r(x) be the first derivative of x**3 + x**2/2 - x + 1. Let t be r(1). Suppose t*l - 43 = -1. List the prime factors of l.
2, 7
Suppose 2*y = 16 - 0. Let m = y + -3. List the prime factors of m.
5
Let a(r) be the second derivative of r**5/20 - r**4/3 + r**2/2 - 5*r. What are the prime factors of a(5)?
2, 13
Let l(i) = -3*i + i - 8*i - 6*i. Let h be l(-2). Suppose -c = 3*c - h. What are the prime factors of c?
2
Let z be 1 + -4 + 23*1. Suppose 5*g - z = g. List the prime factors of g.
5
Suppose 3*x - 419 = -5*m, 4*m + 2*x + 105 = 439. What are the prime factors of m?
2, 41
Let h(q) = q**2 + 5*q - 4. Let p = -7 + 1. What are the prime factors of h(p)?
2
Suppose -s = -4*g + 537, 3*g = g - 4*s + 264. What are the prime factors of g?
2, 67
List the prime factors of (12/15)/(-1*(-8)/380).
2, 19
Suppose 0 = -4*v + 252 - 32. List the prime factors of v.
5, 11
Let l(g) = 9*g**3 + g**2 - g. Let f be l(1). Let k be (-1 - 1)/((-2)/f). Let j = k - 0. What are the prime factors of j?
3
Let c = -52 + 76. Suppose -3*g + c = 3*a, a - 5*g = -a - 12. List the prime factors of 2/a*0 + 11.
11
Let o = -5 - -12. Suppose o*w = 3*w + 12. Suppose z + w*z - 8 = -3*v, -v = -5*z + 10. List the prime factors of z.
2
Suppose -4*o + 3*b + 185 = 0, 2*o - 4*b + 76 = 4*o. List the prime factors of o.
2, 11
Suppose -4*h + 120 = 5*j, -4*h - 5*j + 2*j + 128 = 0. List the prime factors of h.
5, 7
Suppose -10*h + 11*h - 25 = 0. What are the prime factors of h?
5
Let p(g) = -g**2 + 7*g - 6. Let w be p(6). Suppose 10 = 5*x - 0*x. Suppose w*i + x*t = 2*i - 14, -t + 2 = 2*i. List the prime factors of i.
3
Let o(p) = -p**2 + 3*p. Let l be o(3). Suppose -t = -l*t - 19. List the prime factors of t.
19
Let l(b) = -b**3 - 6*b**2 - 3*b - 15. List the prime factors of l(-6).
3
List the prime factors of 4/(-18) + (-3738)/(-54).
3, 23
Let g(k) be the first derivative of -k**4/4 - 2*k**3 + 7*k**2/2 + 9*k + 2. Suppose -2*z - 17 = 3*r - z, 0 = -2*r + z - 18. List the prime factors of g(r).
3
Let r be (-3)/((-12)/2)*-2. Let g be (r - -2)*(-1 + 42). Suppose 5*f + g = 2*y, -y - f - 17 = 4*f. What are the prime factors of y?
2
Let v(z) = z**3 + 8*z**2 - 11*z - 11. List the prime factors of v(-9).
7
Let x(g) = g**2 - 6*g - 14. What are the prime factors of x(12)?
2, 29
Let k(q) = -2*q + 4 + 2*q + q + q. Let p(u) = -u**2 + 6*u + 10. Let z be p(7). List the prime factors of k(z).
2, 5
List the prime factors of 28 + 1/1*4.
2
Let g(i) = 21*i**2 + 1. Let a = -11 + 15. Suppose -1 - a = 5*n. List the prime factors of g(n).
2, 11
Let m(c) = 2*c**2 + 4*c + 4. Suppose 2*l - j - 18 = j, 5*j = 10. Suppose 3*d - 2 = -l. What are the prime factors of m(d)?
2, 5
Let x(z) = 2*z**2 - z - 2. Let n(v) = -9*v**2 + 5*v + 8. Let f(a) = -6*n(a) - 26*x(a). List the prime factors of f(3).
2, 5
Let h(a) = -2*a**3 - 3*a**2 - a + 1. Let c be h(-2). List the prime factors of (c - 31)/(1/(-1)).
2, 3
Let u(d) = -d**2 - 14*d - 1. Let i be u(-11). Let z = i - 14. What are the prime factors of z?
2, 3
Let d(h) = 2*h**2 + h - 2. Suppose -7 = -u - 5. What are the prime factors of d(u)?
2
Let j(m) = -m**2 - 9*m + 14. What are the prime factors of j(-10)?
2
Suppose 2*q = 4*z - 500, 0*z + 127 = z - q. What are the prime factors of z?
3, 41
Let j = -39 - -89. What are the prime factors of j?
2, 5
Suppose 0*r - 56 = -o - 3*r, 5*o = 2*r + 280. What are the prime factors of o?
2, 7
Let m = -171 + 259. List the prime factors of m.
2, 11
Let c be ((4 - 2) + 4)/(-1). Let y be (-2 + -10)*2/c. Suppose 2*w + w - 47 = -y*m, -4*m + 5*w = -7. List the prime factors of m.
2
Suppose -a - 2*a + 99 = 0. What are the prime factors of a?
3, 11
Suppose -33 = -i - 6. Suppose 0 = -3*a + i. What are the prime factors of a?
3
Let p be -12*((-16)/6 - 0). Let d = 58 - p. What are the prime factors of d?
2, 13
Let a = -22 - -9. What are the prime factors of (-5 + 3)/(2/a)?
13
Suppose 0 = -5*p + y + y + 685, 15 = 3*y. List the prime factors of p.
139
Suppose -311 = -10*i + 229. What are the prime factors of i?
2, 3
Suppose 3*u - 595 = -4*u. What are the prime factors of u?
5, 17
Let f = 4 - 4. Suppose c + f*c - 11 = 0. What are the prime factors of c?
11
Suppose 196 - 38 = k. List the prime factors of k.
2, 79
Let b be 1*(0 + 1)*2. Let q = 1 + b. Suppose 4 = q*y - y. What are the prime factors of y?
2
Let h(s) = 11*s. Let q(a) = -a**3 + 6*a**2 - a + 7. Let v = 2 - -4. Let g be q(v). List the prime factors of h(g).
11
Let q(h) = -4*h - 4*h + 4*h + 0*h. Let j = 4 - 6. What are the prime factors of q(j)?
2
Suppose -36 = -2*c + j, -2*c + 2*j + 36 - 2 = 0. What are the prime factors of c?
19
Let j = -28 - -93. What are the prime factors of j?
5, 13
Let y(m) = m**2 + m + 2. Let h be y(-2). Suppose -2*w + 0*w + 20 = h*c, 2*c - 2 = -5*w. What are the prime factors of c?
2, 3
Suppose 29 + 16 = -5*v. Let t = v + 15. What are the prime factors of t?
2, 3
Let h = 3 + 0. Suppose -2*f = -j - 3*j + 2, h*f = -2*j - 19. Let r = f + 7. List the prime factors of r.
2
Let f(v) = -v**2 + 2*v + 1. Let t be f(5). Let w = t - -20. Suppose -3*y - w + 30 = 0. What are the prime factors of y?
2
Let m be 3*1/(3/(-2)). What are the prime factors of (m/(-1))/((-9)/(-36))?
2
Let g be -1 + 3 + -1 + 3. Suppose -g*r = -2*r - 22. List the prime factors of r/(3/(-9)*-3).
11
Let g = 52 - 36. Suppose -3*r + 12 = 2*d, 4*d - 2*r = -4*r + g. Suppose -d - 32 = -5*h. List the prime factors of h.
7
Suppose 3*o - 85 = 2*o. List the prime factors of o.
5, 17
Let r(x) = -x**3 - 3*x**2 - 4*x - 2. Let n be r(-2). Let v be -38*(-1)/n + 2. Suppose 5*w - v = 19. What are the prime factors of w?
2
List the prime factors of -15 + 18 - (0 - 56).
59
Let g(h) = h**3 - 7*h**2 - 11*h + 5. What are the prime factors of g(9)?
2, 17
Let k(r) = -9*r - 5. Let c(i) = 19*i + 11. Let g(t) = 2*c(t) + 5*k(t). Let v = -16 - -14. What are the prime factors of g(v)?
11
Let p(n) = n**2. Let f be p(2). Suppose -5*r - 7 = 2*i, 0 = -2*i - 0*r + f*r + 20. What are the prime factors of i?
2
Suppose 0 = 5*u + 3 - 13. Suppose -4 = -u*q + 4. List the prime factors of q.
2
Suppose f + 4*p + 37 = 137, -f + 90 = -p. What are the prime factors of f?
2, 23
Let x(u) = -66*u - 47. List the prime factors of x(-5).
283
Let s(o) = 3*o - 15. Let n be s(6). Suppose -2*f - 4*l + 70 = -9*l, 0 = -f - n*l + 13. List the prime factors of f.
5
Let u = -210 - -321. List the prime factors of u.
3, 37
Suppose -4*w - 5*s = -s - 136, 4*w = -2*s + 128. Suppose -w = -5*f + 15. Suppose 2*b + f = 3*b. What are the prime factors of b?
3
Suppose 3*w - 5*h = 28, 4*w - 57 = -5*h - 8. What are the prime factors of w?
11
Suppose -4 = -5*p + 16. Let i(m) = m + 2. Let q be i(2). Let o = p + q. What are the prime factors of o?
2
Let z(u) = -u**2 - 3*u + 5. Let v be z(-5). Let t(o) = -o**3 - 4*o**2 + 5*o + 2. Let j be t(v). Let d = j + 8. List the prime factors of d.
2, 5
Let i = 1 - -1. Let y = -1 + i. Let t = 3 - y. List the prime factors of t.
2
Suppose g - 4*u = 18, 5*g = 2*u + 1 + 17. Suppose g*a = -0*a + 6. Suppose -a*y = y - 56. What are the prime factors of y?
2, 7
Suppose -2*n - 3 = 39. Let a = n + 47. What are the prime factors of a?
2, 13
Suppose -5*b - 4*a + 23 = 1, 2*b = 4*a - 8. Suppose -n - 6 = -d, 0*n + 4*n + 12 = b*d. Suppose d + 3 = y. What are the prime factors of y?
3
Let h be (-1)/(-1 + 120/123). Suppose 2*m - h = -3*p - 0*p, 0 = -4*m - p + 57. Let g = m - 9. List the prime factors of g.
2
Suppose -4*b + 0*b = 12. What are the prime factors of (-61)/b + 2/(-6)?
2, 5
Suppose g = 3*g. Let c(q) = q**2 - 8. Let o be c(g). Let h(a) = a**2 + 6*a - 6. What are the prime factors of h(o)?
2, 5
Let x = 9 + -5. Let i(h) = h**3 - 4*h**2 + 3*h - 1. What are the prime factors of i(x)?
11
What are the prime factors of 43 + (3 - 3) + -1?
2, 3, 7
Let t(q) = -q**3 + 8*q**2 - 6*q + 5. List the prime factors of t(5).
2, 5
Let q(g) = g + 6. Let c be q(-5). What are the prime factors of 3*(2 - c) + 2?
5
Let l(t) = -9*t - 11. What are the prime factors of l(-4)?
5
Suppose 47*x = 43*x + 1488. What are the prime factors of x?
2, 3, 31
Suppose 4*z - 2*z - x = 13, -4*z - 2*x + 6 = 0. Suppose 0 = -5*h - z*j + 28, -4*h + 0*j + 35 = -j. What are the prime factor